{"id":116,"date":"2013-02-23T22:39:25","date_gmt":"2013-02-23T22:39:25","guid":{"rendered":"http:\/\/frederic-junier.org\/?page_id=116"},"modified":"2020-02-06T19:37:55","modified_gmt":"2020-02-06T19:37:55","slug":"isn","status":"publish","type":"page","link":"https:\/\/frederic-junier.org\/wp\/?page_id=116","title":{"rendered":"ISN"},"content":{"rendered":"<p>2019\/2020 : j&rsquo;ai migr\u00e9 sur <a href=\"https:\/\/frederic-junier.github.io\/ISN\/\">Github<\/a> pour l&rsquo;ISN.<\/p>\n<p><!--Le lien <a href=\"http:\/\/www.frederic-junier.org\/ISN\/Introduction\/index13.html\" target=\"_blank\" rel=\"noopener noreferrer\">Chapitre 1<\/a> du menu ISN cible le contenu du chapitre 1 sous la forme de pages statiques en HTMl\/CSS que j'ai cod\u00e9es ligne \u00e0 ligne, sans utiliser Javascript pour le menu d\u00e9roulant ou les petites animations.\nLes \u00e9l\u00e8ves qui suivront la sp\u00e9cialit\u00e9 ISN cette ann\u00e9e y trouveront des indications pour fabriquer leur clef ISN bootable. Une clef de 4 GO qui co\u00fbte une dizaine d'euros, suffira.\n--><br \/>Le lien <a href=\"http:\/\/www.frederic-junier.org\/ISN\/CahierTexte\/cahier_texte_ISN16.html\" target=\"_blank\" rel=\"noopener noreferrer\">Cahier de textes<\/a> cible le cahier de textes de la classe d&rsquo;ISN 2015\/2016 au lyc\u00e9e du Parc. Il faut activer Javascript dans le navigateur pour utiliser un petit script qui permet de d\u00e9rouler le contenu de chaque s\u00e9ance.<\/p>\n<p>Cliquer sur ISN ci-dessus pour d\u00e9rouler le menu.<\/p>\n<p>La sp\u00e9cialit\u00e9 Informatique et Sciences du Num\u00e9rique est propos\u00e9e aux \u00e9l\u00e8ves de terminale S du lyc\u00e9e du Parc depuis la rentr\u00e9e 2012.<\/p>\n<p>L&rsquo;enseignement plus pratique que th\u00e9orique est organis\u00e9 autour de quatre grands th\u00e8mes :<\/p>\n<ul>\n<li>Structure de l&rsquo;information<\/li>\n<li>Langage de programmation<\/li>\n<li>Algorithmique<\/li>\n<li>Architecture<\/li>\n<\/ul>\n<p><a href=\"https:\/\/science-info-lycee.fr\/\" target=\"_blank\" rel=\"noopener noreferrer\"> <img decoding=\"async\" class=\"alignright\" title=\"Logo Silo\" src=\"\/images\/logoSilo.png\" alt=\"Logo Silo\" \/> <\/a><\/p>\n<p>Pour plus de renseignements, consulter mon <a title=\"Pr\u00e9sentation ISN\" href=\"ISN\/Presentation.pdf\"> diaporama de pr\u00e9sentation <\/a> qui d\u00e9taille les \u00e9l\u00e9ments du programme et l&rsquo;organisation de l&rsquo;enseignement.<\/p>\n<hr \/>\n<div id=\"presentation\" style=\"font-size: 1.2em; color: sienna;\">Pour plus de renseignements, vous pouvez consulter :\n<p>\u00a0<\/p>\n<ul>\n<li>mon <a title=\"Pr\u00e9sentation ISN\" href=\"ISN\/Presentation.pdf\"> diaporama de pr\u00e9sentation <\/a>.<\/li>\n<li>les pages web de pr\u00e9sentation qui ont \u00e9t\u00e9 r\u00e9alis\u00e9es par des \u00e9l\u00e8ves de la promotion 2014\/2015 dans le cadre d&rsquo;un DM :\n<ul>\n<li><a href=\"\/ISN\/Projets\/k.html\"> Page <\/a> de K.<\/li>\n<li><a href=\"\/ISN\/Projets\/j.html\"> Page <\/a> de J.<\/li>\n<\/ul>\n<\/li>\n<li>le site <a href=\"https:\/\/science-info-lycee.fr\/\" target=\"_blank\" rel=\"noopener noreferrer\"> Science Informatique au lyc\u00e9e : Oui ! <\/a><\/li>\n<\/ul>\n<\/div>\n<hr \/>\n<p><a href=\"http:\/\/www.python.org\/\" target=\"_blank\" rel=\"noopener noreferrer\"> Python <\/a> est le langage de programmation utilis\u00e9 (branche 3 ou 2 pour la manipulation d&rsquo;images) et l&rsquo;environnement de travail est celui fourni par <a href=\"http:\/\/isn.dnsalias.org\/index.php\"> la clef ISN <\/a>d\u00e9velopp\u00e9e par Fran\u00e7ois Boisson.<\/p>\n<p><a href=\"http:\/\/www.python.org\/\" target=\"_blank\" rel=\"noopener noreferrer\"> <img decoding=\"async\" class=\"aligncenter\" title=\"Logo Python\" src=\"\/images\/python-logo.png\" alt=\"Logo Python\" \/> <\/a><\/p>\n<p>Un argument fort pour l&rsquo;enseignement de l&rsquo;informatique au lyc\u00e9e est l&rsquo;omnipr\u00e9sence du num\u00e9rique dans tous les secteurs (\u00e9conomiques, culturels, scientifiques &#8230;) .<\/p>\n<p>L&rsquo;informatique repr\u00e9sente 30 % des budgets de recherche-d\u00e9veloppement dans le monde et seulement 18 % en Europe ! Il ne faut pas r\u00e9duire l&rsquo;informatique \u00e0 l&rsquo;\u00e9cole \u00e0 un simple outil au risque de subir les programmes cr\u00e9\u00e9s par d&rsquo;autres, c&rsquo;est aussi une question de libert\u00e9.<\/p>\n<p>Sur l&rsquo;importance d&rsquo;un enseignement de l&rsquo;informatique \u00e0 l&rsquo;\u00e9cole je vous conseille de lire les articles suivants :<\/p>\n<ul>\n<li><a title=\"Enjeux \u00e9ducatifs Archambault\" href=\"http:\/\/www.epi.asso.fr\/revue\/articles\/a1303b.htm\" target=\"_blank\" rel=\"noopener noreferrer\">Les enjeux \u00e9ducatifs de l&rsquo;informatique et du num\u00e9rique<\/a> article de Jean-Pierre Archambault<\/li>\n<li><a title=\"Informatique composante de base \" href=\"http:\/\/www.epi.asso.fr\/revue\/articles\/a1301b.htm\" target=\"_blank\" rel=\"noopener noreferrer\">L&rsquo;informatique doit devenir une composante de base de l&rsquo;enseignement<\/a> article de Maurice Nivat<\/li>\n<li><a title=\"Archambault et Nivat\" href=\"http:\/\/www.epi.asso.fr\/revue\/articles\/a1209e.htm\" target=\"_blank\" rel=\"noopener noreferrer\">Il ne suffit pas de savoir cliquer sur une souris<\/a> article de Jean-Pierre Archambault et Maurice Nivat.<\/li>\n<li>Le<a href=\"http:\/\/www.academie-sciences.fr\/activite\/rapport\/rads_0513.pdf\" target=\"_blank\" rel=\"noopener noreferrer\"> rapport de l&rsquo;acad\u00e9mie des Sciences de mai 2013<\/a> pointe l&rsquo;urgence d&rsquo;un d\u00e9veloppement de l&rsquo;enseignement de l&rsquo;informatique. une citation extraite :<br \/>\n<blockquote>\n<p>L\u2019Europe et la France en particulier accusent un important retard conceptuel et industriel dans ce domaine par rapport aux pays les plus dynamiques, comme les Etats-Unis et certains pays d\u2019Asie.<br \/>Ce retard est en partie li\u00e9 aux carences de l\u2019enseignement de l\u2019informatique, rest\u00e9 longtemps au point mort ou r\u00e9duit \u00e0 l\u2019apprentissage des seuls usages de produits de base.<br \/>Un enseignement aussi limit\u00e9 ne saurait permettre de faire basculer notre pays de l\u2019\u00e9tat de consommateur de ce qui est fait ailleurs \u00e0 celui de cr\u00e9ateur du monde de demain.<\/p>\n<\/blockquote>\n<\/li>\n<\/ul>\n<p>Enfin si vous voulez d\u00e9couvrir des m\u00e9tiers de l&rsquo;informatique et du num\u00e9rique, vous pouvez visiter les sites de l&rsquo;organisation des entreprises du num\u00e9rique :<\/p>\n<ul>\n<li><a href=\"http:\/\/www.syntec-numerique.fr\/\">www.syntec-numerique.fr <\/a><\/li>\n<li><a href=\"http:\/\/www.passinformatique.com\/syntec\">www.passinformatique.com\/syntec <\/a><\/li>\n<\/ul>\n\n\n<p>Le mardi 19 Novembre, Judica\u00ebl Courant, docteur en informatique, a pr\u00e9sent\u00e9 au lyc\u00e9e du Parc une conf\u00e9rence intitul\u00e9e \u00ab Une br\u00e8ve histoire des langages de programmation \u00bb. Des premiers programmes imagin\u00e9s au dix neuvi\u00e8me si\u00e8cle, par Ada Lovelace pour la machine analytique, en passant par la machine de Turing et l\u2019architecture de Von Neumann, cette promenade dans la tour de Babel des langages de programmation est parsem\u00e9e d\u2019anecdotes savoureuses. Les paradigmes imp\u00e9ratif, fonctionnel et objet ou la diff\u00e9rence entre langage interpr\u00e9t\u00e9 ou compil\u00e9 sont abord\u00e9s \u00e0 travers des exemples. Apr\u00e8s l\u2019expos\u00e9, un \u00e9change entre le conf\u00e9rencier et le public s\u2019ach\u00e8ve par une explication du bootstrapping en compilation.<\/p>\n\n\n\n<p>La vid\u00e9o ci-dessous est h\u00e9berg\u00e9e sur la cha\u00eene Lyc\u00e9e du Parc de l&rsquo;instance acad\u00e9mique peer-tube <a href=\"https:\/\/tube.ac-lyon.fr\">https:\/\/tube.ac-lyon.fr<\/a><\/p>\n\n\n\n<figure><iframe loading=\"lazy\" src=\"https:\/\/tube.ac-lyon.fr\/videos\/embed\/2f7065e3-13c7-432c-80cc-94e769d38272\" allowfullscreen=\"\" width=\"560\" height=\"315\"><\/iframe><\/figure>\n","protected":false},"excerpt":{"rendered":"<p>2019\/2020 : j&rsquo;ai migr\u00e9 sur Github pour l&rsquo;ISN. Le lien Cahier de textes cible le cahier de textes de la classe d&rsquo;ISN 2015\/2016 au lyc\u00e9e du Parc. Il faut activer Javascript dans le navigateur pour utiliser un petit script qui permet de d\u00e9rouler le contenu de chaque s\u00e9ance. Cliquer sur ISN ci-dessus pour d\u00e9rouler le [&hellip;]<\/p>\n","protected":false},"author":1,"featured_media":0,"parent":0,"menu_order":0,"comment_status":"closed","ping_status":"open","template":"","meta":{"footnotes":""},"class_list":["post-116","page","type-page","status-publish","hentry"],"_links":{"self":[{"href":"https:\/\/frederic-junier.org\/wp\/index.php?rest_route=\/wp\/v2\/pages\/116","targetHints":{"allow":["GET"]}}],"collection":[{"href":"https:\/\/frederic-junier.org\/wp\/index.php?rest_route=\/wp\/v2\/pages"}],"about":[{"href":"https:\/\/frederic-junier.org\/wp\/index.php?rest_route=\/wp\/v2\/types\/page"}],"author":[{"embeddable":true,"href":"https:\/\/frederic-junier.org\/wp\/index.php?rest_route=\/wp\/v2\/users\/1"}],"replies":[{"embeddable":true,"href":"https:\/\/frederic-junier.org\/wp\/index.php?rest_route=%2Fwp%2Fv2%2Fcomments&post=116"}],"version-history":[{"count":48,"href":"https:\/\/frederic-junier.org\/wp\/index.php?rest_route=\/wp\/v2\/pages\/116\/revisions"}],"predecessor-version":[{"id":1484,"href":"https:\/\/frederic-junier.org\/wp\/index.php?rest_route=\/wp\/v2\/pages\/116\/revisions\/1484"}],"wp:attachment":[{"href":"https:\/\/frederic-junier.org\/wp\/index.php?rest_route=%2Fwp%2Fv2%2Fmedia&parent=116"}],"curies":[{"name":"wp","href":"https:\/\/api.w.org\/{rel}","templated":true}]}}

<p>2019/2020 : j&rsquo;ai migré sur <a href="https://frederic-junier.github.io/ISN/">Github</a> pour l&rsquo;ISN.</p>
<p><!--Le lien <a href="http://www.frederic-junier.org/ISN/Introduction/index13.html" target="_blank" rel="noopener noreferrer">Chapitre 1</a> du menu ISN cible le contenu du chapitre 1 sous la forme de pages statiques en HTMl/CSS que j'ai codées ligne à ligne, sans utiliser Javascript pour le menu déroulant ou les petites animations.
Les élèves qui suivront la spécialité ISN cette année y trouveront des indications pour fabriquer leur clef ISN bootable. Une clef de 4 GO qui coûte une dizaine d'euros, suffira.
--><br />Le lien <a href="http://www.frederic-junier.org/ISN/CahierTexte/cahier_texte_ISN16.html" target="_blank" rel="noopener noreferrer">Cahier de textes</a> cible le cahier de textes de la classe d&rsquo;ISN 2015/2016 au lycée du Parc. Il faut activer Javascript dans le navigateur pour utiliser un petit script qui permet de dérouler le contenu de chaque séance.</p>
<p>Cliquer sur ISN ci-dessus pour dérouler le menu.</p>
<p>La spécialité Informatique et Sciences du Numérique est proposée aux élèves de terminale S du lycée du Parc depuis la rentrée 2012.</p>
<p>L&rsquo;enseignement plus pratique que théorique est organisé autour de quatre grands thèmes :</p>
<ul>
<li>Structure de l&rsquo;information</li>
<li>Langage de programmation</li>
<li>Algorithmique</li>
<li>Architecture</li>
</ul>
<p><a href="https://science-info-lycee.fr/" target="_blank" rel="noopener noreferrer"> <img decoding="async" class="alignright" title="Logo Silo" src="/images/logoSilo.png" alt="Logo Silo" /> </a></p>
<p>Pour plus de renseignements, consulter mon <a title="Présentation ISN" href="ISN/Presentation.pdf"> diaporama de présentation </a> qui détaille les éléments du programme et l&rsquo;organisation de l&rsquo;enseignement.</p>
<hr />
<div id="presentation" style="font-size: 1.2em; color: sienna;">Pour plus de renseignements, vous pouvez consulter :
<p> </p>
<ul>
<li>mon <a title="Présentation ISN" href="ISN/Presentation.pdf"> diaporama de présentation </a>.</li>
<li>les pages web de présentation qui ont été réalisées par des élèves de la promotion 2014/2015 dans le cadre d&rsquo;un DM :
<ul>
<li><a href="/ISN/Projets/k.html"> Page </a> de K.</li>
<li><a href="/ISN/Projets/j.html"> Page </a> de J.</li>
</ul>
</li>
<li>le site <a href="https://science-info-lycee.fr/" target="_blank" rel="noopener noreferrer"> Science Informatique au lycée : Oui ! </a></li>
</ul>
</div>
<hr />
<p><a href="http://www.python.org/" target="_blank" rel="noopener noreferrer"> Python </a> est le langage de programmation utilisé (branche 3 ou 2 pour la manipulation d&rsquo;images) et l&rsquo;environnement de travail est celui fourni par <a href="http://isn.dnsalias.org/index.php"> la clef ISN </a>développée par François Boisson.</p>
<p><a href="http://www.python.org/" target="_blank" rel="noopener noreferrer"> <img decoding="async" class="aligncenter" title="Logo Python" src="/images/python-logo.png" alt="Logo Python" /> </a></p>
<p>Un argument fort pour l&rsquo;enseignement de l&rsquo;informatique au lycée est l&rsquo;omniprésence du numérique dans tous les secteurs (économiques, culturels, scientifiques &#8230;) .</p>
<p>L&rsquo;informatique représente 30 % des budgets de recherche-développement dans le monde et seulement 18 % en Europe ! Il ne faut pas réduire l&rsquo;informatique à l&rsquo;école à un simple outil au risque de subir les programmes créés par d&rsquo;autres, c&rsquo;est aussi une question de liberté.</p>
<p>Sur l&rsquo;importance d&rsquo;un enseignement de l&rsquo;informatique à l&rsquo;école je vous conseille de lire les articles suivants :</p>
<ul>
<li><a title="Enjeux éducatifs Archambault" href="http://www.epi.asso.fr/revue/articles/a1303b.htm" target="_blank" rel="noopener noreferrer">Les enjeux éducatifs de l&rsquo;informatique et du numérique</a> article de Jean-Pierre Archambault</li>
<li><a title="Informatique composante de base " href="http://www.epi.asso.fr/revue/articles/a1301b.htm" target="_blank" rel="noopener noreferrer">L&rsquo;informatique doit devenir une composante de base de l&rsquo;enseignement</a> article de Maurice Nivat</li>
<li><a title="Archambault et Nivat" href="http://www.epi.asso.fr/revue/articles/a1209e.htm" target="_blank" rel="noopener noreferrer">Il ne suffit pas de savoir cliquer sur une souris</a> article de Jean-Pierre Archambault et Maurice Nivat.</li>
<li>Le<a href="http://www.academie-sciences.fr/activite/rapport/rads_0513.pdf" target="_blank" rel="noopener noreferrer"> rapport de l&rsquo;académie des Sciences de mai 2013</a> pointe l&rsquo;urgence d&rsquo;un développement de l&rsquo;enseignement de l&rsquo;informatique. une citation extraite :<br />
<blockquote>
<p>L’Europe et la France en particulier accusent un important retard conceptuel et industriel dans ce domaine par rapport aux pays les plus dynamiques, comme les Etats-Unis et certains pays d’Asie.<br />Ce retard est en partie lié aux carences de l’enseignement de l’informatique, resté longtemps au point mort ou réduit à l’apprentissage des seuls usages de produits de base.<br />Un enseignement aussi limité ne saurait permettre de faire basculer notre pays de l’état de consommateur de ce qui est fait ailleurs à celui de créateur du monde de demain.</p>
</blockquote>
</li>
</ul>
<p>Enfin si vous voulez découvrir des métiers de l&rsquo;informatique et du numérique, vous pouvez visiter les sites de l&rsquo;organisation des entreprises du numérique :</p>
<ul>
<li><a href="http://www.syntec-numerique.fr/">www.syntec-numerique.fr </a></li>
<li><a href="http://www.passinformatique.com/syntec">www.passinformatique.com/syntec </a></li>
</ul>


<p>Le mardi 19 Novembre, Judicaël Courant, docteur en informatique, a présenté au lycée du Parc une conférence intitulée « Une brève histoire des langages de programmation ». Des premiers programmes imaginés au dix neuvième siècle, par Ada Lovelace pour la machine analytique, en passant par la machine de Turing et l’architecture de Von Neumann, cette promenade dans la tour de Babel des langages de programmation est parsemée d’anecdotes savoureuses. Les paradigmes impératif, fonctionnel et objet ou la différence entre langage interprété ou compilé sont abordés à travers des exemples. Après l’exposé, un échange entre le conférencier et le public s’achève par une explication du bootstrapping en compilation.</p>



<p>La vidéo ci-dessous est hébergée sur la chaîne Lycée du Parc de l&rsquo;instance académique peer-tube <a href="https://tube.ac-lyon.fr">https://tube.ac-lyon.fr</a></p>



<figure><iframe loading="lazy" src="https://tube.ac-lyon.fr/videos/embed/2f7065e3-13c7-432c-80cc-94e769d38272" allowfullscreen="" width="560" height="315"></iframe></figure>

<p>2019/2020 : j&rsquo;ai migré sur Github pour l&rsquo;ISN. Le lien Cahier de textes cible le cahier de textes de la classe d&rsquo;ISN 2015/2016 au lycée du Parc. Il faut activer Javascript dans le navigateur pour utiliser un petit script qui permet de dérouler le contenu de chaque séance. Cliquer sur ISN ci-dessus pour dérouler le [&hellip;]</p>
